(base 10) to base 16
3
Convert 6 (base 7) to base 14.
6
Convert 3b (base 16) to base 15.
3e
Convert -2 (base 5) to base 12.
-2
What is -54 (base 10) in base 4?
-312
2 (base 12) to base 5
2
8 (base 16) to base 7
11
2 (base 15) to base 8
2
Convert 111 (base 15) to base 14.
133
What is 21 (base 15) in base 10?
31
What is 20 (base 10) in base 15?
15
What is 39 (base 13) in base 9?
53
Convert 14 (base 6) to base 10.
10
What is -69 (base 12) in base 15?
-56
Convert -43 (base 5) to base 9.
-25
Convert -112 (base 3) to base 12.
-12
2111 (base 3) to base 8
103
-1 (base 9) to base 3
-1
0 (base 8) to base 9
0
What is -1 (base 15) in base 10?
-1
-5 (base 9) to base 4
-11
Convert 64 (base 7) to base 2.
101110
What is -229 (base 10) in base 5?
-1404
Convert 1c (base 15) to base 6.
43
10 (base 4) to base 12
4
-225 (base 8) to base 13
-b6
Convert 25 (base 7) to base 4.
103
What is -98 (base 13) in base 7?
-236
9 (base 15) to base 7
12
4 (base 8) to base 6
4
-1 (base 7) to base 10
-1
What is -4 (base 6) in base 10?
-4
-31 (base 7) to base 8
-26
11 (base 12) to base 4
31
Convert 5 (base 7) to base 16.
5
Convert -175 (base 10) to base 14.
-c7
0 (base 7) to base 8
0
Convert 204 (base 8) to base 4.
2010
Convert -44 (base 7) to base 3.
-1012
What is ca (base 13) in base 16?
a6
Convert -1 (base 7) to base 8.
-1
Convert 2 (base 14) to base 3.
2
-1 (base 14) to base 8
-1
Convert -331 (base 4) to base 3.
-2021
What is -2021 (base 4) in base 5?
-1022
What is 77 (base 12) in base 14?
67
Convert -2 (base 8) to base 11.
-2
2 (base 8) to base 5
2
What is 11 (base 4) in base 8?
5
What is -20 (base 7) in base 3?
-112
Convert -1 (base 2) to base 11.
-1
-9 (base 10) to base 7
-12
What is -12 (base 5) in base 9?
-7
-1a (base 13) to base 11
-21
-3 (base 11) to base 15
-3
What is -154 (base 7) in base 11?
-80
What is -1001 (base 2) in base 4?
-21
-11 (base 3) to base 4
-10
What is 11 (base 3) in base 15?
4
What is -2 (base 3) in base 13?
-2
Convert -2 (base 8) to base 2.
-10
25 (base 10) to base 6
41
What is 3 (base 14) in base 2?
11
-11 (base 6) to base 12
-7
Convert 6 (base 14) to base 12.
6
What is 5 (base 15) in base 4?
11
Convert 3 (base 8) to base 16.
3
What is -4 (base 15) in base 6?
-4
Convert 9 (base 16) to base 3.
100
What is -1231 (base 6) in base 12?
-217
What is 103 (base 5) in base 6?
44
Convert 1 (base 16) to base 14.
1
What is 5 (base 14) in base 10?
5
-45 (base 14) to base 6
-141
Convert -b (base 14) to base 9.
-12
What is -59 (base 16) in base 7?
-155
Convert 6 (base 16) to base 15.
6
Convert -43 (base 6) to base 16.
-1b
What is -47 (base 8) in base 3?
-1110
What is 151 (base 8) in base 11?
96
Convert -2d (base 16) to base 10.
-45
11010 (base 2) to base 12
22
10 (base 6) to base 10
6
21 (base 6) to base 3
111
What is -163 (base 15) in base 3?
-102210
210 (base 5) to base 8
67
What is 1011010 (base 2) in base 7?
156
2203 (base 4) to base 9
201
3 (base 9) to base 6
3
What is -2 (base 9) in base 16?
-2
Convert 16 (base 8) to base 5.
24
What is a1 (base 11) in base 14?
7d
What is -102 (base 3) in base 8?
-13
Convert -10 (base 7) to base 13.
-7
What is 8a (base 11) in base 16?
62
What is 41 (base 6) in base 14?
1b
Convert -a2 (base 11) to base 4.
-1300
22 (base 6) to base 15
e
What is -4 (base 6) in base 9?
-4
Convert 2 (base 11) to base 16.
2
Convert 3a (base 12) to base 10.
46
Convert -3 (base 10) to base 16.
-3
77 (base 8) to base 13
4b
-12 (base 15) to base 3
-122
What is -11 (base 3) in base 7?
-4
Convert 6 (base 14) to base 6.
10
What is 34 (base 16) in base 2?
110100
What is -25 (base 14) in base 12?
-29
What is -60 (base 12) in base 13?
-57
Convert -15 (base 10) to base 4.
-33
What is -11011 (base 4) in base 11?
-276
What is -3 (base 5) in base 9?
-3
-2 (base 12) to base 3
-2
12 (base 12) to base 6
22
What is -2 (base 10) in base 15?
-2
What is 123 (base 6) in base 14?
39
-50 (base 13) to base 14
-49
333 (base 6) to base 14
93
Convert 6 (base 16) to base 14.
6
-11100 (base 2) to base 8
-34
What is -a (base 16) in base 15?
-a
What is -4 (base 6) in base 11?
-4
Convert 32 (base 4) to base 3.
112
-3 (base 13) to base 6
-3
23 (base 6) to base 5
30
Convert 74 (base 16) to base 2.
1110100
Convert 11000001 (base 2) to base 16.
c1
531 (base 7) to base 3
100220
Convert -64 (base 8) to base 13.
-40
What is 5 (base 8) in base 3?
12
Convert 5 (base 9) to base 8.
5
110 (base 13) to base 8
266
Convert -202 (base 4) to base 5.
-114
Convert 11 (base 16) to base 4.
101
Convert 7 (base 9) to base 13.
7
What is ad (base 15) in base 9?
201
-4 (base 9) to base 11
-4
101 (base 3) to base 14
a
0 (base 5) to base 9
0
-eb (base 16) to base 7
-454
What is -2 (base 11) in base 3?
-2
What is 2 (base 7) in base 4?
2
What is 7 (base 11) in base 2?
111
Convert -8 (base 10) to base 3.
-22
What is 30 (base 11) in base 5?
113
Convert 11 (base 15) to base 10.
16
-2 (base 11) to base 16
-2
What is 2 (base 4) in base 6?
2
What is -2 (base 8) in base 5?
-2
Convert -231 (base 9) to base 14.
-d8
Convert -14 (base 7) to base 11.
-10
What is 23 (base 4) in base 2?
1011
3 (base 4) to base 12
3
-2 (base 15) to base 16
-2
16 (base 7) to base 12
11
What is 0 (base 13) in base 4?
0
What is 0 (base 12) in base 13?
0
68 (base 14) to base 5
332
Convert 56 (base 12) to base 2.
1000010
Convert a (base 12) to base 16.
a
What is -2 (base 7) in base 16?
-2
What is 2122 (base 3) in base 14?
51
-143 (base 5) to base 10
-48
-11 (base 8) to base 13
-9
Convert -b (base 15) to base 3.
-102
-10 (base 8) to base 16
-8
Convert -16 (base 9) to base 13.
-12
What is 9 (base 16) in base 9?
10
What is 112 (base 4) in base 6?
34
-23 (base 8) to base 11
-18
Convert -1403 (base 5) to base 3.
-22110
48 (base 11) to base 6
124
Convert -14 (base 10) to base 15.
-e
What is 10 (base 6) in base 7?
6
What is -35 (base 11) in base 9?
-42
Convert 100 (base 2) to base 8.
4
What is -1 (base 2) in base 11?
-1
Convert -5 (base 14) to base 11.
-5
34 (base 12) to base 9
44
9 (base 14) to base 7
12
24 (base 12) to base 11
26
Convert c (base 16) to base 15.
c
What is -31 (base 11) in base 8?
-42
What is 12 (base 3) in base 11?
5
Convert -3 (base 10) to base 3.
-10
Convert -1 (base 12) to base 4.
-1
24 (base 7) to base 11
17
-d0 (base 16) to base 6
-544
-132 (base 4) to base 6
-50
-3 (base 6) to base 13
-3
What is 14 (base 6) in base 15?
a
Convert -402 (base 8) to base 10.
-258
Convert -10000 (base 2) to base 4.
-100
What is 1 (base 7) in base 13?
1
What is -21 (base 5) in base 14?
-b
Convert -3 (base 6) to base 10.
-3
28 (base 16) to base 13
31
What is -6 (base 10) in base 2?
-110
What is 244 (base 5) in base 8?
112
Convert 353 (base 7) to base 10.
185
-5 (base 16) to base 2
-101
Convert -39 (base 15) to base 4.
-312
What is 1 (base 10) in base 16?
1
What is -3 (base 6) in base 13?
-3
-18 (base 10) to base 4
-102
What is 3 (base 10) in base 8?
3
What is 1011 (base 3) in base 11?
29
2 (base 8) to base 6
2
6 (base 15) to base 13
6
What is 2 (base 16) in base 14?
2
11101 (base 2) to base 9
32
20 (base 3) to base 16
6
12 (base 4) to base 15
6
Convert -7 (base 11) to base 8.
-7
Convert 57 (base 14) to base 15.
52
3 (base 9) to base 12
3
Convert -4 (base 8) to base 4.
-10
Convert -10 (base 3) to base 15.
-3
4 (base 8) to base 10
4
-2 (base 6) to base 8
-2
What is -a (base 15) in base 7?
-13
What is 111 (base 5) in base 3?
1011
Convert 24 (base 5) to base 2.
1110
2000 (base 3) to base 2
110110
-b (base 12) to base 6
-15
Convert 3 (base 9) to base 14.
3
What is 6d (base 15) in base 5?
403
What is 0 (base 9) in base 13?
0
Convert 212 (base 3) to base 15.
18
What is 37 (base 8) in base 9?
34
What is -21 (base 3) in base 15?
-7
-4 (base 15) to base 13
-4
a4 (base 11) to base 16
72
21 (base 3) to base 10
7
1101 (base 2) to base 7
16
What is -75 (base 15) in base 16?
-6e
10 (base 3) to base 16
3
What is -200 (base 12) in base 8?
-440
-4 (base 6) to base 11
-4
Convert -1 (base 15) to base 6.
-1
-1f (base 16) to base 11
-29
What is -3a (base 12) in base 16?
-2e
What is 4a (base 13) in base 7?
116
Convert 1001010 (base 2) to base 5.
244
What is 235 (base 6) in base 14?
6b
Convert -34 (base 6) to base 11.
-20
What is 111 (base 5) in base 7?
43
What is 15 (base 11) in base 16?
10
What is 51 (base 8) in base 3?
1112
What is -67 (base 8) in base 13?
-43
What is 